?
7
What is the ten millions digit of 496123270?
9
What is the tens digit of 641781921?
2
What is the units digit of 2077979506?
6
What is the ten thousands digit of 108749954?
4
What is the thousands digit of 357385757?
5
What is the thousands digit of 17231955?
1
What is the thousands digit of 5054478?
4
What is the hundred millions digit of 142880380?
1
What is the ten thousands digit of 3860344871?
4
What is the thousands digit of 83707527?
7
What is the hundred thousands digit of 58670087?
6
What is the hundreds digit of 54854289?
2
What is the tens digit of 145344176?
7
What is the hundreds digit of 271179280?
2
What is the millions digit of 1836765628?
6
What is the units digit of 280639202?
2
What is the tens digit of 96451569?
6
What is the ten thousands digit of 141569008?
6
What is the tens digit of 6589765099?
9
What is the ten millions digit of 1378118408?
7
What is the ten millions digit of 1524171032?
2
What is the hundred millions digit of 1102179978?
1
What is the hundred thousands digit of 33865472?
8
What is the millions digit of 600952383?
0
What is the hundreds digit of 109306140?
1
What is the hundred millions digit of 103238894?
1
What is the hundred millions digit of 3819138708?
8
What is the hundreds digit of 69806104?
1
What is the millions digit of 18396173?
8
What is the billions digit of 1620392549?
1
What is the thousands digit of 3862853?
2
What is the tens digit of 1771389?
8
What is the hundred millions digit of 737738351?
7
What is the hundreds digit of 21761551?
5
What is the hundred thousands digit of 62914700?
9
What is the units digit of 487858531?
1
What is the tens digit of 203810291?
9
What is the hundred thousands digit of 92031200?
0
What is the hundreds digit of 176099867?
8
What is the thousands digit of 85501565?
1
What is the tens digit of 7606342601?
0
What is the millions digit of 24146189?
4
What is the ten millions digit of 19789032?
1
What is the ten millions digit of 75963511?
7
What is the units digit of 73717132?
2
What is the units digit of 9042688?
8
What is the ten thousands digit of 162638804?
3
What is the ten millions digit of 1707073705?
0
What is the hundred thousands digit of 65392080?
3
What is the hundreds digit of 187837731?
7
What is the tens digit of 9702291?
9
What is the units digit of 704911955?
5
What is the thousands digit of 37861723?
1
What is the hundred thousands digit of 249851670?
8
What is the ten thousands digit of 84456281?
5
What is the hundred thousands digit of 253491971?
4
What is the ten thousands digit of 6579990947?
9
What is the hundred millions digit of 170688340?
1
What is the billions digit of 1594281440?
1
What is the millions digit of 51552365?
1
What is the units digit of 407198316?
6
What is the millions digit of 165869158?
5
What is the ten millions digit of 39681400?
3
What is the thousands digit of 3594335306?
5
What is the thousands digit of 174288513?
8
What is the ten thousands digit of 88621686?
2
What is the ten millions digit of 118912673?
1
What is the hundred thousands digit of 5094480320?
4
What is the millions digit of 313646358?
3
What is the ten millions digit of 56182128?
5
What is the tens digit of 3580469590?
9
What is the units digit of 986953725?
5
What is the thousands digit of 2328273908?
3
What is the ten thousands digit of 125878604?
7
What is the tens digit of 50407166?
6
What is the hundred thousands digit of 17040843?
0
What is the ten millions digit of 37520704?
3
What is the tens digit of 152265801?
0
What is the hundreds digit of 588441345?
3
What is the units digit of 3789244091?
1
What is the thousands digit of 2078711625?
1
What is the hundreds digit of 68218884?
8
What is the thousands digit of 321163442?
3
What is the hundreds digit of 60142982?
9
What is the millions digit of 54159299?
4
What is the hundreds digit of 2173397281?
2
What is the hundred millions digit of 1158862963?
1
What is the hundreds digit of 18673098?
0
What is the millions digit of 93496402?
3
What is the millions digit of 895884554?
5
What is the hundred thousands digit of 34849526?
8
What is the ten thousands digit of 2342020939?
2
What is the hundred thousands digit of 2552197333?
1
What is the thousands digit of 76280100?
0
What is the tens digit of 195497761?
6
What is the thousands digit of 29219576?
9
What is the hundred millions digit of 602137199?
6
What is the ten millions digit of 199139682?
9
What is the units digit of 4805866353?
3
What is the units digit of 2672847?
7
What is the units digit of 609197207?
7
What is the ten thousands digit of 55315583?
1
What is the ten thousands digit of 92402054?
0
What is the thousands digit of 26241973?
1
What is the units digit of 495304729?
9
What is the hundred thousands digit of 99043463?
0
What is the ten millions digit of 47298254?
4
What is the tens digit of 8766323?
2
What is the thousands digit of 476203762?
3
What is the hundred millions digit of 927765942?
9
What is the tens digit of 254334763?
6
What is the hundred thousands digit of 1097131975?
1
What is the thousands digit of 255021599?
1
What is the ten millions digit of 138162584?
3
What is the units digit of 7051208439?
9
What is the ten millions digit of 44841789?
4
What is the ten thousands digit of 85144845?
4
What is the thousands digit of 152512105?
2
What is the millions digit of 359047318?
9
What is the millions digit of 767864235?
7
What is the ten thousands digit of 1302462353?
6
What is the millions digit of 458774192?
8
What is the hundred thousands digit of 35527451?
5
What is the units digit of 68915338?
8
What is the hundred thousands digit of 245707160?
7
What is the hundreds digit of 682838748?
7
What is the tens digit of 97950325?
2
What is the ten thousands digit of 34574691?
7
What is the units digit of 219803030?
0
What is the millions digit of 5558905?
5
What is the tens digit of 368265186?
8
What is the tens digit of 75091887?
8
What is the millions digit of 768681235?
8
What is the units digit of 32512138?
8
What is the millions digit of 31694424?
1
What is the hundred millions digit of 518353588?
5
What is the tens digit of 19396556?
5
What is the thousands digit of 1672526725?
6
What is the millions digit of 576902791?
6
What is the ten thousands digit of 658889748?
8
What is the hundred thousands digit of 349123357?
1
What is the ten millions digit of 67007781?
6
What is the hundred thousands digit of 5234597109?
5
What is the millions digit of 1511464623?
1
What is the hundred thousands digit of 869153568?
1
What is the units digit of 3281560894?
4
What is the units digit of 271537637?
7
What is the thousands digit of 428356939?
6
What is the millions digit of 6288552412?
8
What is the hundred millions digit of 272078688?
2
What is the thousands digit of 481471809?
1
What is the hundreds digit of 139075002?
0
What is the billions digit of 1191114413?
1
What is the hundreds digit of 439801815?
8
What is the hundred thousands digit of 46020932?
0
What is the ten millions digit of 179907462?
7
What is the hundreds digit of 940452035?
0
What is the tens digit of 2009936933?
3
What is the hundreds digit of 518272477?
4
What is the hundreds digit of 1933032687?
6
What is the hundred millions digit of 545319935?
5
What is the millions digit of 35604227?
5
What is the ten thousands digit of 226588812?
8
What is the tens digit of 5440944?
4
What is the units digit of 2573729624?
4
What is the ten thousands digit of 682828560?
2
What is the hundred thousands digit of 49149633?
1
What is the billions digit of 7974598923?
7
What is the units digit of 344690720?
0
What is the units digit of 142996126?
6
What is the thousands digit of 1093722755?
2
What is the ten thousands digit of 874984922?
8
What is the thousands digit of 60255531?
5
What is the ten thousands digit of 14557688?
5
What is the thousands digit of 2803246?
3
What is the millions digit of 8293969?
8
What is the hundred thousands digit of 17647171?
6
What is the hundreds digit of 67825284?
2
What is the ten millions digit of 94716549?
9
What is the hundred millions digit of 105467917?
1
What is the units digit of 222247344?
4
What is the tens digit of 95349058?
5
What is the units digit of 571105263?
3
What is the units digit of 1883573649?
9